{"id":276304,"date":"2022-03-31T15:44:08","date_gmt":"2022-03-31T14:44:08","guid":{"rendered":"https:\/\/www.procarton.com\/awards\/european-carton-excellence-award\/2016-2\/introduction\/"},"modified":"2022-03-31T15:45:51","modified_gmt":"2022-03-31T14:45:51","slug":"introduction","status":"publish","type":"page","link":"http:\/\/www.procarton.com\/es\/awards\/european-carton-excellence-award\/2016-2\/introduction\/","title":{"rendered":"Introducci\u00f3n"},"content":{"rendered":"<div class=\"av-animated-generic top-to-bottom flex_column av_two_third  flex_column_div av-zero-column-padding first  avia-builder-el-0  el_before_av_one_third  avia-builder-el-first\" style='border-radius:0px; '>\n<section class=\"av_textblock_section\"  itemscope=\"itemscope\" itemtype=\"https:\/\/schema.org\/CreativeWork\" >\n<div class='avia_textblock'   itemprop=\"text\" >\n<p>Este a\u00f1o, el Pro Carton ECMA Award celebra su 20\u00ba aniversario. Durante este periodo, el aclamado concurso se ha convertido en el premio europeo m\u00e1s prestigioso para los envases de cart\u00f3n.<\/p>\n<p>El Award beneficia a todos: los participantes, en particular los finalistas y los ganadores de los premios, dan que hablar en toda Europa. El dise\u00f1o, la estructura y la funci\u00f3n de los trabajos presentados demuestran lo que es posible con el material de envasado m\u00e1s sostenible y, por lo tanto, orientado al futuro: el cart\u00f3n.<\/p>\n<p>La vanguardia de la industria europea del envasado se presenta en la feria Pro Carton ECMA Awards. Cada a\u00f1o, es fascinante experimentar las numerosas y fant\u00e1sticas ideas creadas dentro de nuestra industria. Y la historia se repite: \u00a1el cart\u00f3n es m\u00e1s!<\/p>\n<p>Y as\u00ed es como damos a conocer sus ideas y soluciones a un p\u00fablico a\u00fan m\u00e1s amplio:<\/p>\n<ul>\n<li>El E-News de Pro Carton llega ahora a m\u00e1s de 12.000 partes interesadas en los campos de la industria del cart\u00f3n y el envase, del dise\u00f1o, de los propietarios de marcas y del comercio minorista.<\/li>\n<li>El folleto Award no s\u00f3lo documenta todos los datos pertinentes sobre los ejemplos de mejores pr\u00e1cticas de todos los ganadores y finalistas, sino tambi\u00e9n las historias de \u00e9xito que hay detr\u00e1s de la creaci\u00f3n de los mejores envases.<\/li>\n<li>Los envases premiados tambi\u00e9n recorren los eventos de envasado m\u00e1s importantes de toda Europa.<\/li>\n<li>Como es habitual, Pro Carton proporciona a todos los participantes una serie de herramientas de marketing para sus propias comunicaciones.<\/li>\n<li>Todos los medios de comunicaci\u00f3n comerciales importantes de Europa informan ampliamente sobre el concurso.<\/li>\n<\/ul>\n<p>Todos los socios de la cadena de creaci\u00f3n de valor de los envases de cart\u00f3n est\u00e1n cordialmente invitados a participar en el concurso: la industria del cart\u00f3n y de los envases de cart\u00f3n, los dise\u00f1adores, los propietarios de marcas, as\u00ed como el comercio minorista.<\/p>\n<p>Aproveche esta oportunidad para presentar sus mejores creaciones a un amplio p\u00fablico europeo.<\/p>\n<p><em>Roland Rex, presidente de Pro Carton - Andreas Blaschke, presidente de ECMA<\/em><\/p>\n<\/div>\n<\/section>\n<\/div>\n<div class=\"av-animated-generic top-to-bottom flex_column av_one_third  flex_column_div av-zero-column-padding   avia-builder-el-2  el_after_av_two_third  avia-builder-el-last\" style='border-radius:0px; '>\n<div  class='avia-image-container  av-styling-no-styling    avia-builder-el-3  avia-builder-el-no-sibling  avia-align-'  itemprop=\"image\" itemscope=\"itemscope\" itemtype=\"https:\/\/schema.org\/ImageObject\"  >\n<div class='avia-image-container-inner'>\n<div class='avia-image-overlay-wrap'><img decoding=\"async\" width=\"111\" height=\"300\" class='wp-image-258568 avia-img-lazy-loading-not-258568 avia_image' src=\"https:\/\/www.procarton.com\/wp-content\/uploads\/2021\/03\/rr_ab_web-111x300.jpeg\" alt='' title='rr_ab_web'  itemprop=\"thumbnailUrl\" srcset=\"https:\/\/www.procarton.com\/wp-content\/uploads\/2021\/03\/rr_ab_web-111x300.jpeg 111w, https:\/\/www.procarton.com\/wp-content\/uploads\/2021\/03\/rr_ab_web-4x12.jpeg 4w, https:\/\/www.procarton.com\/wp-content\/uploads\/2021\/03\/rr_ab_web.jpeg 180w\" sizes=\"(max-width: 111px) 100vw, 111px\" \/><\/div>\n<\/div>\n<\/div>\n<\/div>","protected":false},"excerpt":{"rendered":"","protected":false},"author":868,"featured_media":0,"parent":258274,"menu_order":0,"comment_status":"closed","ping_status":"closed","template":"templates\/award_details_page.php","meta":{"inline_featured_image":false,"footnotes":""},"class_list":["post-276304","page","type-page","status-publish","hentry"],"yoast_head":"<!-- This site is optimized with the Yoast SEO plugin v27.5 - https:\/\/yoast.com\/product\/yoast-seo-wordpress\/ -->\n<title>Introduction - Pro Carton<\/title>\n<meta name=\"robots\" content=\"index, follow, max-snippet:-1, max-image-preview:large, max-video-preview:-1\" \/>\n<link rel=\"canonical\" href=\"http:\/\/www.procarton.com\/es\/awards\/european-carton-excellence-award\/2016-2\/introduction\/\" \/>\n<meta property=\"og:locale\" content=\"es_ES\" \/>\n<meta property=\"og:type\" content=\"article\" \/>\n<meta property=\"og:title\" content=\"Introduction - Pro Carton\" \/>\n<meta property=\"og:url\" content=\"http:\/\/www.procarton.com\/es\/awards\/european-carton-excellence-award\/2016-2\/introduction\/\" \/>\n<meta property=\"og:site_name\" content=\"Pro Carton\" \/>\n<meta property=\"article:publisher\" content=\"https:\/\/www.facebook.com\/procartondesignaward\/\" \/>\n<meta property=\"article:modified_time\" content=\"2022-03-31T14:45:51+00:00\" \/>\n<meta name=\"twitter:card\" content=\"summary_large_image\" \/>\n<meta name=\"twitter:site\" content=\"@pro_carton\" \/>\n<meta name=\"twitter:label1\" content=\"Tiempo de lectura\" \/>\n\t<meta name=\"twitter:data1\" content=\"3 minutos\" \/>\n<script type=\"application\/ld+json\" class=\"yoast-schema-graph\">{\"@context\":\"https:\\\/\\\/schema.org\",\"@graph\":[{\"@type\":\"WebPage\",\"@id\":\"https:\\\/\\\/www.procarton.com\\\/es\\\/awards\\\/european-carton-excellence-award\\\/2016-2\\\/introduction\\\/\",\"url\":\"https:\\\/\\\/www.procarton.com\\\/es\\\/awards\\\/european-carton-excellence-award\\\/2016-2\\\/introduction\\\/\",\"name\":\"Introduction - Pro Carton\",\"isPartOf\":{\"@id\":\"https:\\\/\\\/www.procarton.com\\\/es\\\/#website\"},\"datePublished\":\"2022-03-31T14:44:08+00:00\",\"dateModified\":\"2022-03-31T14:45:51+00:00\",\"breadcrumb\":{\"@id\":\"https:\\\/\\\/www.procarton.com\\\/es\\\/awards\\\/european-carton-excellence-award\\\/2016-2\\\/introduction\\\/#breadcrumb\"},\"inLanguage\":\"es\",\"potentialAction\":[{\"@type\":\"ReadAction\",\"target\":[\"https:\\\/\\\/www.procarton.com\\\/es\\\/awards\\\/european-carton-excellence-award\\\/2016-2\\\/introduction\\\/\"]}]},{\"@type\":\"BreadcrumbList\",\"@id\":\"https:\\\/\\\/www.procarton.com\\\/es\\\/awards\\\/european-carton-excellence-award\\\/2016-2\\\/introduction\\\/#breadcrumb\",\"itemListElement\":[{\"@type\":\"ListItem\",\"position\":1,\"name\":\"Home\",\"item\":\"https:\\\/\\\/www.procarton.com\\\/\"},{\"@type\":\"ListItem\",\"position\":2,\"name\":\"Awards\",\"item\":\"https:\\\/\\\/www.procarton.com\\\/awards\\\/\"},{\"@type\":\"ListItem\",\"position\":3,\"name\":\"European Carton Excellence Award\",\"item\":\"https:\\\/\\\/www.procarton.com\\\/awards\\\/european-carton-excellence-award\\\/\"},{\"@type\":\"ListItem\",\"position\":4,\"name\":\"2016\",\"item\":\"https:\\\/\\\/www.procarton.com\\\/es\\\/awards\\\/european-carton-excellence-award\\\/2016-2\\\/\"},{\"@type\":\"ListItem\",\"position\":5,\"name\":\"Introduction\"}]},{\"@type\":\"WebSite\",\"@id\":\"https:\\\/\\\/www.procarton.com\\\/es\\\/#website\",\"url\":\"https:\\\/\\\/www.procarton.com\\\/es\\\/\",\"name\":\"Pro Carton\",\"description\":\"\",\"publisher\":{\"@id\":\"https:\\\/\\\/www.procarton.com\\\/es\\\/#organization\"},\"potentialAction\":[{\"@type\":\"SearchAction\",\"target\":{\"@type\":\"EntryPoint\",\"urlTemplate\":\"https:\\\/\\\/www.procarton.com\\\/es\\\/?s={search_term_string}\"},\"query-input\":{\"@type\":\"PropertyValueSpecification\",\"valueRequired\":true,\"valueName\":\"search_term_string\"}}],\"inLanguage\":\"es\"},{\"@type\":\"Organization\",\"@id\":\"https:\\\/\\\/www.procarton.com\\\/es\\\/#organization\",\"name\":\"ProCarton\",\"url\":\"https:\\\/\\\/www.procarton.com\\\/es\\\/\",\"logo\":{\"@type\":\"ImageObject\",\"inLanguage\":\"es\",\"@id\":\"https:\\\/\\\/www.procarton.com\\\/es\\\/#\\\/schema\\\/logo\\\/image\\\/\",\"url\":\"https:\\\/\\\/www.procarton.com\\\/wp-content\\\/uploads\\\/2022\\\/06\\\/logo-mit-slogan.jpg\",\"contentUrl\":\"https:\\\/\\\/www.procarton.com\\\/wp-content\\\/uploads\\\/2022\\\/06\\\/logo-mit-slogan.jpg\",\"width\":422,\"height\":519,\"caption\":\"ProCarton\"},\"image\":{\"@id\":\"https:\\\/\\\/www.procarton.com\\\/es\\\/#\\\/schema\\\/logo\\\/image\\\/\"},\"sameAs\":[\"https:\\\/\\\/www.facebook.com\\\/procartondesignaward\\\/\",\"https:\\\/\\\/x.com\\\/pro_carton\"]}]}<\/script>\n<!-- \/ Yoast SEO plugin. -->","yoast_head_json":{"title":"Introducci\u00f3n - Pro Carton","robots":{"index":"index","follow":"follow","max-snippet":"max-snippet:-1","max-image-preview":"max-image-preview:large","max-video-preview":"max-video-preview:-1"},"canonical":"http:\/\/www.procarton.com\/es\/awards\/european-carton-excellence-award\/2016-2\/introduction\/","og_locale":"es_ES","og_type":"article","og_title":"Introduction - Pro Carton","og_url":"http:\/\/www.procarton.com\/es\/awards\/european-carton-excellence-award\/2016-2\/introduction\/","og_site_name":"Pro Carton","article_publisher":"https:\/\/www.facebook.com\/procartondesignaward\/","article_modified_time":"2022-03-31T14:45:51+00:00","twitter_card":"summary_large_image","twitter_site":"@pro_carton","twitter_misc":{"Tiempo de lectura":"3 minutos"},"schema":{"@context":"https:\/\/schema.org","@graph":[{"@type":"WebPage","@id":"https:\/\/www.procarton.com\/es\/awards\/european-carton-excellence-award\/2016-2\/introduction\/","url":"https:\/\/www.procarton.com\/es\/awards\/european-carton-excellence-award\/2016-2\/introduction\/","name":"Introducci\u00f3n - Pro Carton","isPartOf":{"@id":"https:\/\/www.procarton.com\/es\/#website"},"datePublished":"2022-03-31T14:44:08+00:00","dateModified":"2022-03-31T14:45:51+00:00","breadcrumb":{"@id":"https:\/\/www.procarton.com\/es\/awards\/european-carton-excellence-award\/2016-2\/introduction\/#breadcrumb"},"inLanguage":"es","potentialAction":[{"@type":"ReadAction","target":["https:\/\/www.procarton.com\/es\/awards\/european-carton-excellence-award\/2016-2\/introduction\/"]}]},{"@type":"BreadcrumbList","@id":"https:\/\/www.procarton.com\/es\/awards\/european-carton-excellence-award\/2016-2\/introduction\/#breadcrumb","itemListElement":[{"@type":"ListItem","position":1,"name":"Home","item":"https:\/\/www.procarton.com\/"},{"@type":"ListItem","position":2,"name":"Awards","item":"https:\/\/www.procarton.com\/awards\/"},{"@type":"ListItem","position":3,"name":"European Carton Excellence Award","item":"https:\/\/www.procarton.com\/awards\/european-carton-excellence-award\/"},{"@type":"ListItem","position":4,"name":"2016","item":"https:\/\/www.procarton.com\/es\/awards\/european-carton-excellence-award\/2016-2\/"},{"@type":"ListItem","position":5,"name":"Introduction"}]},{"@type":"WebSite","@id":"https:\/\/www.procarton.com\/es\/#website","url":"https:\/\/www.procarton.com\/es\/","name":"Pro Carton","description":"","publisher":{"@id":"https:\/\/www.procarton.com\/es\/#organization"},"potentialAction":[{"@type":"SearchAction","target":{"@type":"EntryPoint","urlTemplate":"https:\/\/www.procarton.com\/es\/?s={search_term_string}"},"query-input":{"@type":"PropertyValueSpecification","valueRequired":true,"valueName":"search_term_string"}}],"inLanguage":"es"},{"@type":"Organization","@id":"https:\/\/www.procarton.com\/es\/#organization","name":"ProCarton","url":"https:\/\/www.procarton.com\/es\/","logo":{"@type":"ImageObject","inLanguage":"es","@id":"https:\/\/www.procarton.com\/es\/#\/schema\/logo\/image\/","url":"https:\/\/www.procarton.com\/wp-content\/uploads\/2022\/06\/logo-mit-slogan.jpg","contentUrl":"https:\/\/www.procarton.com\/wp-content\/uploads\/2022\/06\/logo-mit-slogan.jpg","width":422,"height":519,"caption":"ProCarton"},"image":{"@id":"https:\/\/www.procarton.com\/es\/#\/schema\/logo\/image\/"},"sameAs":["https:\/\/www.facebook.com\/procartondesignaward\/","https:\/\/x.com\/pro_carton"]}]}},"_links":{"self":[{"href":"http:\/\/www.procarton.com\/es\/wp-json\/wp\/v2\/pages\/276304","targetHints":{"allow":["GET"]}}],"collection":[{"href":"http:\/\/www.procarton.com\/es\/wp-json\/wp\/v2\/pages"}],"about":[{"href":"http:\/\/www.procarton.com\/es\/wp-json\/wp\/v2\/types\/page"}],"author":[{"embeddable":true,"href":"http:\/\/www.procarton.com\/es\/wp-json\/wp\/v2\/users\/868"}],"replies":[{"embeddable":true,"href":"http:\/\/www.procarton.com\/es\/wp-json\/wp\/v2\/comments?post=276304"}],"version-history":[{"count":3,"href":"http:\/\/www.procarton.com\/es\/wp-json\/wp\/v2\/pages\/276304\/revisions"}],"predecessor-version":[{"id":276306,"href":"http:\/\/www.procarton.com\/es\/wp-json\/wp\/v2\/pages\/276304\/revisions\/276306"}],"up":[{"embeddable":true,"href":"http:\/\/www.procarton.com\/es\/wp-json\/wp\/v2\/pages\/258274"}],"wp:attachment":[{"href":"http:\/\/www.procarton.com\/es\/wp-json\/wp\/v2\/media?parent=276304"}],"curies":[{"name":"wp","href":"https:\/\/api.w.org\/{rel}","templated":true}]}}

Introducción

<div class="av-animated-generic top-to-bottom flex_column av_two_third  flex_column_div av-zero-column-padding first  avia-builder-el-0  el_before_av_one_third  avia-builder-el-first" style='border-radius:0px; '>
<section class="av_textblock_section"  itemscope="itemscope" itemtype="https://schema.org/CreativeWork" >
<div class='avia_textblock'   itemprop="text" >
<p>Este año, el Pro Carton ECMA Award celebra su 20º aniversario. Durante este periodo, el aclamado concurso se ha convertido en el premio europeo más prestigioso para los envases de cartón.</p>
<p>El Award beneficia a todos: los participantes, en particular los finalistas y los ganadores de los premios, dan que hablar en toda Europa. El diseño, la estructura y la función de los trabajos presentados demuestran lo que es posible con el material de envasado más sostenible y, por lo tanto, orientado al futuro: el cartón.</p>
<p>La vanguardia de la industria europea del envasado se presenta en la feria Pro Carton ECMA Awards. Cada año, es fascinante experimentar las numerosas y fantásticas ideas creadas dentro de nuestra industria. Y la historia se repite: ¡el cartón es más!</p>
<p>Y así es como damos a conocer sus ideas y soluciones a un público aún más amplio:</p>
<ul>
<li>El E-News de Pro Carton llega ahora a más de 12.000 partes interesadas en los campos de la industria del cartón y el envase, del diseño, de los propietarios de marcas y del comercio minorista.</li>
<li>El folleto Award no sólo documenta todos los datos pertinentes sobre los ejemplos de mejores prácticas de todos los ganadores y finalistas, sino también las historias de éxito que hay detrás de la creación de los mejores envases.</li>
<li>Los envases premiados también recorren los eventos de envasado más importantes de toda Europa.</li>
<li>Como es habitual, Pro Carton proporciona a todos los participantes una serie de herramientas de marketing para sus propias comunicaciones.</li>
<li>Todos los medios de comunicación comerciales importantes de Europa informan ampliamente sobre el concurso.</li>
</ul>
<p>Todos los socios de la cadena de creación de valor de los envases de cartón están cordialmente invitados a participar en el concurso: la industria del cartón y de los envases de cartón, los diseñadores, los propietarios de marcas, así como el comercio minorista.</p>
<p>Aproveche esta oportunidad para presentar sus mejores creaciones a un amplio público europeo.</p>
<p><em>Roland Rex, presidente de Pro Carton - Andreas Blaschke, presidente de ECMA</em></p>
</div>
</section>
</div>
<div class="av-animated-generic top-to-bottom flex_column av_one_third  flex_column_div av-zero-column-padding   avia-builder-el-2  el_after_av_two_third  avia-builder-el-last" style='border-radius:0px; '>
<div  class='avia-image-container  av-styling-no-styling    avia-builder-el-3  avia-builder-el-no-sibling  avia-align-'  itemprop="image" itemscope="itemscope" itemtype="https://schema.org/ImageObject"  >
<div class='avia-image-container-inner'>
<div class='avia-image-overlay-wrap'><img decoding="async" width="111" height="300" class='wp-image-258568 avia-img-lazy-loading-not-258568 avia_image' src="https://www.procarton.com/wp-content/uploads/2021/03/rr_ab_web-111x300.jpeg" alt='' title='rr_ab_web'  itemprop="thumbnailUrl" srcset="https://www.procarton.com/wp-content/uploads/2021/03/rr_ab_web-111x300.jpeg 111w, https://www.procarton.com/wp-content/uploads/2021/03/rr_ab_web-4x12.jpeg 4w, https://www.procarton.com/wp-content/uploads/2021/03/rr_ab_web.jpeg 180w" sizes="(max-width: 111px) 100vw, 111px" /></div>
</div>
</div>
</div>

Introducción - Pro Carton
